{"id":209,"date":"2012-09-26T14:04:00","date_gmt":"2012-09-26T12:04:00","guid":{"rendered":"http:\/\/www.ff-averlak-blangenmoor.de\/wcms\/?page_id=209"},"modified":"2024-05-04T13:08:41","modified_gmt":"2024-05-04T11:08:41","slug":"fahrzeuge","status":"publish","type":"page","link":"http:\/\/www.ff-averlak-blangenmoor.de\/wcms\/wir-uber-uns\/fahrzeuge\/","title":{"rendered":"Fahrzeuge"},"content":{"rendered":"<p>&nbsp;<\/p>\n<p><img loading=\"lazy\" decoding=\"async\" class=\"aligncenter size-full wp-image-310\" title=\"Fahrzeuge copy 2\" src=\"http:\/\/www.ff-averlak-blangenmoor.de\/wcms\/wp-content\/uploads\/2012\/09\/Fahrzeuge-copy-2.jpg\" alt=\"\" width=\"944\" height=\"334\" srcset=\"http:\/\/www.ff-averlak-blangenmoor.de\/wcms\/wp-content\/uploads\/2012\/09\/Fahrzeuge-copy-2.jpg 944w, http:\/\/www.ff-averlak-blangenmoor.de\/wcms\/wp-content\/uploads\/2012\/09\/Fahrzeuge-copy-2-300x106.jpg 300w\" sizes=\"auto, (max-width: 944px) 100vw, 944px\" \/><\/p>\n<p>&nbsp;<\/p>\n<p>&nbsp;<\/p>\n<h1><strong>LF 10\/6 &nbsp;L\u00f6schgruppenfahrzeug&nbsp; (38-44-1)<\/strong><\/h1>\n<p>Unser LF10\/6 wurde 2009 als Neufahrzeug in den Dienst unserer Feurerwehr gestellt. Es l\u00f6ste somit das sich bis dahin im Dienst befindende LF 8 als L\u00f6schfahrzeug ab.<\/p>\n<p><img loading=\"lazy\" decoding=\"async\" class=\"size-medium wp-image-249 alignright\" title=\"Unbenannt1\" src=\"http:\/\/www.ff-averlak-blangenmoor.de\/wcms\/wp-content\/uploads\/2012\/09\/Unbenannt1-300x154.jpg\" alt=\"\" width=\"300\" height=\"154\" srcset=\"http:\/\/www.ff-averlak-blangenmoor.de\/wcms\/wp-content\/uploads\/2012\/09\/Unbenannt1-300x154.jpg 300w, http:\/\/www.ff-averlak-blangenmoor.de\/wcms\/wp-content\/uploads\/2012\/09\/Unbenannt1.jpg 342w\" sizes=\"auto, (max-width: 300px) 100vw, 300px\" \/><\/p>\n<p><strong>Allgemeine Beschreibung<\/strong><\/p>\n<div title=\"Page 1\">\n<ul>\n<li>Typ: <em>L\u00f6schgruppenfahrzeug LF 10\/6<\/em><\/li>\n<li>BOS-Kennung: <em>Florian Dithmarschen 38\/44\/1<\/em><\/li>\n<li>Fahrgestell: <em>MAN TGL 02<\/em><\/li>\n<li>Aufbauhersteller: <em>Ziegler<\/em><\/li>\n<li>Erstzulassung: <em>16.10.2008<\/em><\/li>\n<li>L\u00e4nge\/Breite\/H\u00f6he: <em>6,9m\/2,50m\/2,95m<\/em><\/li>\n<li>Zul\u00e4ssiges Gesamtgewicht: <em>8800kg<\/em><\/li>\n<li>Leistung: <em>179 PS<\/em><\/li>\n<li>Antrieb: <em>6-Gang Schaltung<\/em><\/li>\n<li>Mannschaft: <em>1\/8<\/em><\/li>\n<li>Pumpe: Heckpumpe FPN 10-1000<\/li>\n<li>L\u00f6schwassertank: <em>600 L&nbsp;<\/em><\/li>\n<\/ul>\n<p><strong>Ausstattung<\/strong><\/p>\n<\/div>\n<div title=\"Page 1\">\n<div title=\"Page 1\">\n<ul>\n<li>Funk:&nbsp;4m Band Funkger\u00e4t mit Statusgeber, 7x 2m Band Funkger\u00e4te<\/li>\n<li>Signalanlage:&nbsp;4 Stroboskop Sondersignale auf dem Dach, 2 Stroboskop Sondersignale im K\u00fchlergrill, Martin Presslufth\u00f6rner<\/li>\n<li>L\u00f6schmittel:&nbsp;Kombischaumrohr,&nbsp;S4-Schaumrohr,&nbsp;Schaumpistole,&nbsp;Z4-Zumischer, Mehrbereichsschaum in 3 Kanistern, 1 Pulver L\u00f6scher ABC,&nbsp;1 CO2 L\u00f6scher,&nbsp;600 L L\u00f6schwassertank, K\u00fcbelspritze<\/li>\n<li>Wasserversorgung:&nbsp;10 Rollschl\u00e4uche B20 \/ 2 K\u00f6rbe je 2 L\u00e4ngen B20;&nbsp;12 L\u00e4ngen C15-Schl\u00e4uche in 4 K\u00f6rben \/ 4 L\u00e4ngen gerollt, 2 C15-L\u00e4ngen Schnellangriffsschl\u00e4uche in Buchten,&nbsp;6 A-Saugschl\u00e4uche<\/li>\n<li>Gesamt sind 520m Schlauchmaterial an Bord + SW Tragkraftspritze TS PFPN 10-1500 Bj. 2007<\/li>\n<\/ul>\n<\/div>\n<\/div>\nngg_shortcode_0_placeholder\n<h2>&nbsp;<\/h2>\n<p>&nbsp;<\/p>\n<h1><strong>MZF Mehrzweckfahrzeug (38-14-1)<\/strong><\/h1>\n<p>Unser MZF wurde 2014 als Neufahrzeug in den Dienst unserer Feuerwehr gestellt. Es l\u00f6ste das sich bis dahin im Dienst befindende MTW als Einsatzfahrzeug ab. \u00dcbergeben wurde das MZF anl\u00e4sslich unserer 125-jahr Feier.<strong>&nbsp;<\/strong><\/p>\n<p><strong>Allgemeine Beschreibung<img loading=\"lazy\" decoding=\"async\" class=\"alignright  wp-image-3254\" src=\"http:\/\/www.ff-averlak-blangenmoor.de\/wcms\/wp-content\/uploads\/2012\/09\/MZF32.jpg\" alt=\"Bildschirmfoto 2014-05-19 um 13.51.00\" width=\"297\" height=\"128\"\/><\/strong><\/p>\n<ul>\n<li>&nbsp;Typ: Mehrzweckfahrzeug<\/li>\n<li>BOS-Kennung: Florian Dithmarschen 38\/14\/1<\/li>\n<li>Hersteller: Mercedes-Benz<\/li>\n<li>Erstzulasseung: 02.05.2014<\/li>\n<li>Zul\u00e4ssiges Gesamtgewicht: 3500 kg<\/li>\n<li>Leistung: 130 PS<\/li>\n<li>Mannschaft: 1\/7<\/li>\n<\/ul>\n<p>&nbsp;<\/p>\n<p><strong>Ausstattung<\/strong><\/p>\n<ul>\n<li>4m Band Funkger\u00e4t mit 2x Statusgeber<\/li>\n<li>4x 2m Band Funkger\u00e4te<\/li>\n<li>Einsatzdokumentation (Computer, Monitor, Software)<\/li>\n<li>Internet<\/li>\n<li>3 Strotoskop Sondersignale auf dem Dach<\/li>\n<li>2 Frontblitzer Sondersignal im K\u00fchlergrill<\/li>\n<li>1 Strotoskop Sondersignal in rot auf dem Dach<\/li>\n<li>Martinshorn elektrisch auf dem Dach mit variabler Tonfolge<\/li>\n<li>2x Feuerl\u00f6scher<\/li>\n<li>diverse Ausr\u00fcstung zur Absicherung von Unfallstellen<\/li>\n<li>Spannungwandler zur Versorgung der Bordsteckdosen (2x im Mannschaftsraum 1x an Heckklappe)<\/li>\n<li>Versorgung der Steckdosen mit 2000 Watt Dauerleistung und 4000 Watt Kurzzeitleitung<\/li>\n<li>Leselampen vorne und Hinten<\/li>\n<li>LED Arbeitslicht an der Heckklappe<\/li>\n<li>Kofferraum bietet Platz zum Transport des Schlauchbootes mit Holzfu\u00dfboden<\/li>\n<\/ul>\n<p>Das Fahrzeug wird als ELW eingesetzt. Da es noch sehr neu ist und durch die moderne Technik eine Vielzahl an Nutzungsm\u00f6glichkeiten bereit h\u00e4lt, wird es im laufendem Betrieb mit der Zeit angepasst. Um unn\u00f6tige Kosten zu vermeiden wurde das Fahrzeug mit einer optimalen technischen Vorbereitung ausgeliefert. Wir werden durch den st\u00e4ndigen Einsatz Erfahrungen sammeln und das Fahrzeug nach und nach f\u00fcr ein optimales Arbeiten aufr\u00fcsten. Die Aufr\u00fcstung kann in allen Bereichen durch die gute Vorplanung kosteng\u00fcnstig und einfach realisiert werden. Auf diese Weise wird ein auf uns perfekt zugeschnittenes Fahrzeug entstehen, dass nur die wirklich ben\u00f6tigten Komponenten aufweist und somit zukunftsweisend zeigt, in welche Technik es sich wirklich zu investieren lohnt.<\/p>\nngg_shortcode_1_placeholder\n<h2>&nbsp;<\/h2>\n<p>&nbsp;<\/p>\n<h1><strong>Schlauchwagen<\/strong><\/h1>\n<p><strong>Allgemeine Beschreibung<img loading=\"lazy\" decoding=\"async\" class=\"alignright size-medium wp-image-414\" title=\"Bildschirmfoto 2012-10-12 um 14.42.27\" src=\"http:\/\/www.ff-averlak-blangenmoor.de\/wcms\/wp-content\/uploads\/2012\/09\/Bildschirmfoto-2012-10-12-um-14.42.271-300x168.png\" alt=\"\" width=\"300\" height=\"168\" srcset=\"http:\/\/www.ff-averlak-blangenmoor.de\/wcms\/wp-content\/uploads\/2012\/09\/Bildschirmfoto-2012-10-12-um-14.42.271-300x168.png 300w, http:\/\/www.ff-averlak-blangenmoor.de\/wcms\/wp-content\/uploads\/2012\/09\/Bildschirmfoto-2012-10-12-um-14.42.271.png 985w\" sizes=\"auto, (max-width: 300px) 100vw, 300px\" \/><\/strong><\/p>\n<ul>\n<li>Typ: Schlauchwagen BSA 52\/3<\/li>\n<li>Bos-Kennung: \/<\/li>\n<li>Baujahr: 1966<\/li>\n<\/ul>\n<p><strong>Ausstattung<\/strong><\/p>\n<ul>\n<li>manuelle Haspel mit 280m Schlauchmaterial<\/li>\n<\/ul>\n<h2>&nbsp;<\/h2>\n<p>&nbsp;<\/p>\n<p>&nbsp;<\/p>\n<h1><strong>Schlauchboot<\/strong><\/h1>\n<p><strong>Allgemeine Beschreibung<\/strong><\/p>\n<ul>\n<li><span style=\"line-height: 13px;\">Boden aus Holzplanken<\/span><\/li>\n<li>Aufblasbar \u00fcber Pressluftflasche<a href=\"http:\/\/www.ff-averlak-blangenmoor.de\/wcms\/wp-content\/uploads\/2012\/09\/Boot1.jpg\" data-rel=\"lightbox-image-0\" data-rl_title=\"\" data-rl_caption=\"\" title=\"\"><img loading=\"lazy\" decoding=\"async\" class=\"alignright size-medium wp-image-1145\" src=\"http:\/\/www.ff-averlak-blangenmoor.de\/wcms\/wp-content\/uploads\/2012\/09\/Boot1-300x132.jpg\" alt=\"Boot1\" width=\"300\" height=\"132\" srcset=\"http:\/\/www.ff-averlak-blangenmoor.de\/wcms\/wp-content\/uploads\/2012\/09\/Boot1-300x132.jpg 300w, http:\/\/www.ff-averlak-blangenmoor.de\/wcms\/wp-content\/uploads\/2012\/09\/Boot1.jpg 871w\" sizes=\"auto, (max-width: 300px) 100vw, 300px\" \/><\/a><\/li>\n<li>Max. Beladung 3 Personen<\/li>\n<li>Baujahr 2004<\/li>\n<\/ul>\n<p><strong>Ausstattung<\/strong><\/p>\n<ul>\n<li><span style=\"line-height: 13px;\">2x Paddel<\/span><\/li>\n<li>2x Rettungsring<\/li>\n<li>1x Harkenlanze<\/li>\n<li>2x Sitzbrett<\/li>\n<li>Beschriftung Feuerwehr Averlak-Blangenmoor<\/li>\n<\/ul>\n<h2>&nbsp;<\/h2>\n<p>&nbsp;<\/p>\n<p>&nbsp;<\/p>\n<p><strong>&nbsp;<\/strong><\/p>\n","protected":false},"excerpt":{"rendered":"&nbsp;\n\n&nbsp;\n&nbsp;\nLF 10\/6 &nbsp;L\u00f6schgruppenfahrzeug&nbsp; (38-44-1)\nUnser LF10\/6 wurde 2009 als Neufahrzeug in den Dienst unserer Feurerwehr gestellt. Es l\u00f6ste somit das sich bis dahin im Dienst befindende &hellip;","protected":false},"author":5,"featured_media":0,"parent":61,"menu_order":3,"comment_status":"closed","ping_status":"closed","template":"","meta":{"ngg_post_thumbnail":0,"_mc_calendar":[],"footnotes":""},"class_list":["post-209","page","type-page","status-publish","hentry"],"_links":{"self":[{"href":"http:\/\/www.ff-averlak-blangenmoor.de\/wcms\/wp-json\/wp\/v2\/pages\/209","targetHints":{"allow":["GET"]}}],"collection":[{"href":"http:\/\/www.ff-averlak-blangenmoor.de\/wcms\/wp-json\/wp\/v2\/pages"}],"about":[{"href":"http:\/\/www.ff-averlak-blangenmoor.de\/wcms\/wp-json\/wp\/v2\/types\/page"}],"author":[{"embeddable":true,"href":"http:\/\/www.ff-averlak-blangenmoor.de\/wcms\/wp-json\/wp\/v2\/users\/5"}],"replies":[{"embeddable":true,"href":"http:\/\/www.ff-averlak-blangenmoor.de\/wcms\/wp-json\/wp\/v2\/comments?post=209"}],"version-history":[{"count":33,"href":"http:\/\/www.ff-averlak-blangenmoor.de\/wcms\/wp-json\/wp\/v2\/pages\/209\/revisions"}],"predecessor-version":[{"id":7700,"href":"http:\/\/www.ff-averlak-blangenmoor.de\/wcms\/wp-json\/wp\/v2\/pages\/209\/revisions\/7700"}],"up":[{"embeddable":true,"href":"http:\/\/www.ff-averlak-blangenmoor.de\/wcms\/wp-json\/wp\/v2\/pages\/61"}],"wp:attachment":[{"href":"http:\/\/www.ff-averlak-blangenmoor.de\/wcms\/wp-json\/wp\/v2\/media?parent=209"}],"curies":[{"name":"wp","href":"https:\/\/api.w.org\/{rel}","templated":true}]}}

<p>&nbsp;</p>
<p><img loading="lazy" decoding="async" class="aligncenter size-full wp-image-310" title="Fahrzeuge copy 2" src="http://www.ff-averlak-blangenmoor.de/wcms/wp-content/uploads/2012/09/Fahrzeuge-copy-2.jpg" alt="" width="944" height="334" srcset="http://www.ff-averlak-blangenmoor.de/wcms/wp-content/uploads/2012/09/Fahrzeuge-copy-2.jpg 944w, http://www.ff-averlak-blangenmoor.de/wcms/wp-content/uploads/2012/09/Fahrzeuge-copy-2-300x106.jpg 300w" sizes="auto, (max-width: 944px) 100vw, 944px" /></p>
<p>&nbsp;</p>
<p>&nbsp;</p>
<h1><strong>LF 10/6 &nbsp;Löschgruppenfahrzeug&nbsp; (38-44-1)</strong></h1>
<p>Unser LF10/6 wurde 2009 als Neufahrzeug in den Dienst unserer Feurerwehr gestellt. Es löste somit das sich bis dahin im Dienst befindende LF 8 als Löschfahrzeug ab.</p>
<p><img loading="lazy" decoding="async" class="size-medium wp-image-249 alignright" title="Unbenannt1" src="http://www.ff-averlak-blangenmoor.de/wcms/wp-content/uploads/2012/09/Unbenannt1-300x154.jpg" alt="" width="300" height="154" srcset="http://www.ff-averlak-blangenmoor.de/wcms/wp-content/uploads/2012/09/Unbenannt1-300x154.jpg 300w, http://www.ff-averlak-blangenmoor.de/wcms/wp-content/uploads/2012/09/Unbenannt1.jpg 342w" sizes="auto, (max-width: 300px) 100vw, 300px" /></p>
<p><strong>Allgemeine Beschreibung</strong></p>
<div title="Page 1">
<ul>
<li>Typ: <em>Löschgruppenfahrzeug LF 10/6</em></li>
<li>BOS-Kennung: <em>Florian Dithmarschen 38/44/1</em></li>
<li>Fahrgestell: <em>MAN TGL 02</em></li>
<li>Aufbauhersteller: <em>Ziegler</em></li>
<li>Erstzulassung: <em>16.10.2008</em></li>
<li>Länge/Breite/Höhe: <em>6,9m/2,50m/2,95m</em></li>
<li>Zulässiges Gesamtgewicht: <em>8800kg</em></li>
<li>Leistung: <em>179 PS</em></li>
<li>Antrieb: <em>6-Gang Schaltung</em></li>
<li>Mannschaft: <em>1/8</em></li>
<li>Pumpe: Heckpumpe FPN 10-1000</li>
<li>Löschwassertank: <em>600 L&nbsp;</em></li>
</ul>
<p><strong>Ausstattung</strong></p>
</div>
<div title="Page 1">
<div title="Page 1">
<ul>
<li>Funk:&nbsp;4m Band Funkgerät mit Statusgeber, 7x 2m Band Funkgeräte</li>
<li>Signalanlage:&nbsp;4 Stroboskop Sondersignale auf dem Dach, 2 Stroboskop Sondersignale im Kühlergrill, Martin Presslufthörner</li>
<li>Löschmittel:&nbsp;Kombischaumrohr,&nbsp;S4-Schaumrohr,&nbsp;Schaumpistole,&nbsp;Z4-Zumischer, Mehrbereichsschaum in 3 Kanistern, 1 Pulver Löscher ABC,&nbsp;1 CO2 Löscher,&nbsp;600 L Löschwassertank, Kübelspritze</li>
<li>Wasserversorgung:&nbsp;10 Rollschläuche B20 / 2 Körbe je 2 Längen B20;&nbsp;12 Längen C15-Schläuche in 4 Körben / 4 Längen gerollt, 2 C15-Längen Schnellangriffsschläuche in Buchten,&nbsp;6 A-Saugschläuche</li>
<li>Gesamt sind 520m Schlauchmaterial an Bord + SW Tragkraftspritze TS PFPN 10-1500 Bj. 2007</li>
</ul>
</div>
</div>
ngg_shortcode_0_placeholder
<h2>&nbsp;</h2>
<p>&nbsp;</p>
<h1><strong>MZF Mehrzweckfahrzeug (38-14-1)</strong></h1>
<p>Unser MZF wurde 2014 als Neufahrzeug in den Dienst unserer Feuerwehr gestellt. Es löste das sich bis dahin im Dienst befindende MTW als Einsatzfahrzeug ab. Übergeben wurde das MZF anlässlich unserer 125-jahr Feier.<strong>&nbsp;</strong></p>
<p><strong>Allgemeine Beschreibung<img loading="lazy" decoding="async" class="alignright  wp-image-3254" src="http://www.ff-averlak-blangenmoor.de/wcms/wp-content/uploads/2012/09/MZF32.jpg" alt="Bildschirmfoto 2014-05-19 um 13.51.00" width="297" height="128"/></strong></p>
<ul>
<li>&nbsp;Typ: Mehrzweckfahrzeug</li>
<li>BOS-Kennung: Florian Dithmarschen 38/14/1</li>
<li>Hersteller: Mercedes-Benz</li>
<li>Erstzulasseung: 02.05.2014</li>
<li>Zulässiges Gesamtgewicht: 3500 kg</li>
<li>Leistung: 130 PS</li>
<li>Mannschaft: 1/7</li>
</ul>
<p>&nbsp;</p>
<p><strong>Ausstattung</strong></p>
<ul>
<li>4m Band Funkgerät mit 2x Statusgeber</li>
<li>4x 2m Band Funkgeräte</li>
<li>Einsatzdokumentation (Computer, Monitor, Software)</li>
<li>Internet</li>
<li>3 Strotoskop Sondersignale auf dem Dach</li>
<li>2 Frontblitzer Sondersignal im Kühlergrill</li>
<li>1 Strotoskop Sondersignal in rot auf dem Dach</li>
<li>Martinshorn elektrisch auf dem Dach mit variabler Tonfolge</li>
<li>2x Feuerlöscher</li>
<li>diverse Ausrüstung zur Absicherung von Unfallstellen</li>
<li>Spannungwandler zur Versorgung der Bordsteckdosen (2x im Mannschaftsraum 1x an Heckklappe)</li>
<li>Versorgung der Steckdosen mit 2000 Watt Dauerleistung und 4000 Watt Kurzzeitleitung</li>
<li>Leselampen vorne und Hinten</li>
<li>LED Arbeitslicht an der Heckklappe</li>
<li>Kofferraum bietet Platz zum Transport des Schlauchbootes mit Holzfußboden</li>
</ul>
<p>Das Fahrzeug wird als ELW eingesetzt. Da es noch sehr neu ist und durch die moderne Technik eine Vielzahl an Nutzungsmöglichkeiten bereit hält, wird es im laufendem Betrieb mit der Zeit angepasst. Um unnötige Kosten zu vermeiden wurde das Fahrzeug mit einer optimalen technischen Vorbereitung ausgeliefert. Wir werden durch den ständigen Einsatz Erfahrungen sammeln und das Fahrzeug nach und nach für ein optimales Arbeiten aufrüsten. Die Aufrüstung kann in allen Bereichen durch die gute Vorplanung kostengünstig und einfach realisiert werden. Auf diese Weise wird ein auf uns perfekt zugeschnittenes Fahrzeug entstehen, dass nur die wirklich benötigten Komponenten aufweist und somit zukunftsweisend zeigt, in welche Technik es sich wirklich zu investieren lohnt.</p>
ngg_shortcode_1_placeholder
<h2>&nbsp;</h2>
<p>&nbsp;</p>
<h1><strong>Schlauchwagen</strong></h1>
<p><strong>Allgemeine Beschreibung<img loading="lazy" decoding="async" class="alignright size-medium wp-image-414" title="Bildschirmfoto 2012-10-12 um 14.42.27" src="http://www.ff-averlak-blangenmoor.de/wcms/wp-content/uploads/2012/09/Bildschirmfoto-2012-10-12-um-14.42.271-300x168.png" alt="" width="300" height="168" srcset="http://www.ff-averlak-blangenmoor.de/wcms/wp-content/uploads/2012/09/Bildschirmfoto-2012-10-12-um-14.42.271-300x168.png 300w, http://www.ff-averlak-blangenmoor.de/wcms/wp-content/uploads/2012/09/Bildschirmfoto-2012-10-12-um-14.42.271.png 985w" sizes="auto, (max-width: 300px) 100vw, 300px" /></strong></p>
<ul>
<li>Typ: Schlauchwagen BSA 52/3</li>
<li>Bos-Kennung: /</li>
<li>Baujahr: 1966</li>
</ul>
<p><strong>Ausstattung</strong></p>
<ul>
<li>manuelle Haspel mit 280m Schlauchmaterial</li>
</ul>
<h2>&nbsp;</h2>
<p>&nbsp;</p>
<p>&nbsp;</p>
<h1><strong>Schlauchboot</strong></h1>
<p><strong>Allgemeine Beschreibung</strong></p>
<ul>
<li><span style="line-height: 13px;">Boden aus Holzplanken</span></li>
<li>Aufblasbar über Pressluftflasche<a href="http://www.ff-averlak-blangenmoor.de/wcms/wp-content/uploads/2012/09/Boot1.jpg" data-rel="lightbox-image-0" data-rl_title="" data-rl_caption="" title=""><img loading="lazy" decoding="async" class="alignright size-medium wp-image-1145" src="http://www.ff-averlak-blangenmoor.de/wcms/wp-content/uploads/2012/09/Boot1-300x132.jpg" alt="Boot1" width="300" height="132" srcset="http://www.ff-averlak-blangenmoor.de/wcms/wp-content/uploads/2012/09/Boot1-300x132.jpg 300w, http://www.ff-averlak-blangenmoor.de/wcms/wp-content/uploads/2012/09/Boot1.jpg 871w" sizes="auto, (max-width: 300px) 100vw, 300px" /></a></li>
<li>Max. Beladung 3 Personen</li>
<li>Baujahr 2004</li>
</ul>
<p><strong>Ausstattung</strong></p>
<ul>
<li><span style="line-height: 13px;">2x Paddel</span></li>
<li>2x Rettungsring</li>
<li>1x Harkenlanze</li>
<li>2x Sitzbrett</li>
<li>Beschriftung Feuerwehr Averlak-Blangenmoor</li>
</ul>
<h2>&nbsp;</h2>
<p>&nbsp;</p>
<p>&nbsp;</p>
<p><strong>&nbsp;</strong></p>

&nbsp;

&nbsp;
&nbsp;
LF 10/6 &nbsp;Löschgruppenfahrzeug&nbsp; (38-44-1)
Unser LF10/6 wurde 2009 als Neufahrzeug in den Dienst unserer Feurerwehr gestellt. Es löste somit das sich bis dahin im Dienst befindende &hellip;
