{"id":1379,"date":"2013-06-09T17:52:08","date_gmt":"2013-06-09T15:52:08","guid":{"rendered":"http:\/\/www.ff-averlak-blangenmoor.de\/wcms\/?page_id=1379"},"modified":"2013-11-06T11:52:39","modified_gmt":"2013-11-06T09:52:39","slug":"verhalten-bei-sonderrechten","status":"publish","type":"page","link":"http:\/\/www.ff-averlak-blangenmoor.de\/wcms\/burgerinformationen\/verhalten-bei-sonderrechten\/","title":{"rendered":"Sonderrechte"},"content":{"rendered":"<p><img loading=\"lazy\" decoding=\"async\" class=\"aligncenter size-full wp-image-1389\" alt=\"Banner3\" src=\"http:\/\/www.ff-averlak-blangenmoor.de\/wcms\/wp-content\/uploads\/2013\/06\/Banner3.jpg\" width=\"542\" height=\"115\" srcset=\"http:\/\/www.ff-averlak-blangenmoor.de\/wcms\/wp-content\/uploads\/2013\/06\/Banner3.jpg 542w, http:\/\/www.ff-averlak-blangenmoor.de\/wcms\/wp-content\/uploads\/2013\/06\/Banner3-300x63.jpg 300w\" sizes=\"auto, (max-width: 542px) 100vw, 542px\" \/><\/p>\n<p>Polizei, Rettungsdienst, der Notarzt, das THW und die Feuerwehr nehmen bei vielen Einsatzfahrten die sogenannten Sonderrechte in Anspruch. Das bedeutet, sie fahren unter Benutzung des Blauen Blinklichtes und der Sondersignalanlage, dem Martinshorn.\u00a0In der Stra\u00dfenverkehrs-Ordnung steht hierzu der<\/p>\n<p><strong>\u00a735-Sonderrechte<\/strong><\/p>\n<ul>\n<li><span style=\"line-height: 13px;\">\u00a0(1) Von den Vorschriften dieser Verordnung sind die Bundeswehr, die Bundespolizei, die Feuerwehr, der Katastrophenschutz, die Polizei und der Zolldienst befreit, soweit das zur Erf\u00fcllung hoheitlicher Aufgaben dringend geboten ist.<br \/>\n<\/span><\/li>\n<li>(8) Die Sonderrechte d\u00fcrfen nur unter geb\u00fchrender Ber\u00fccksichtigung der \u00f6ffentlichen Sicherheit und Ordnung ausge\u00fcbt werden.<\/li>\n<\/ul>\n<p><strong>Das f\u00fchren eines Einsatzfahrzeuges unter Benutzung der Sondersignale ist f\u00fcr den Fahrer eine enorme Belastung und erfordert ein H\u00f6chstma\u00df an Konzentration. Nicht nur, dass der Fahrer die Verantwortung f\u00fcr die mitfahrenden Kameraden tr\u00e4gt, haben die L\u00f6schfahrzeuge zus\u00e4tzlich die Ausma\u00dfe von Lastkraftwagen. Nicht zuletzt muss er sich auf den flie\u00dfenden Verkehr konzentrieren.<\/strong><br \/>\n<strong>Damit wir immer sicher unterwegs sind, unterweist die Feuerwehr Averlak-Blangenmoor ihre Fahrer in regelm\u00e4\u00dfigen Abst\u00e4nden zu diesem Thema. Auch die Sicherheit durch Fahrpraxis wird gro\u00dfgeschrieben.<\/strong><\/p>\n<p>Die Feuerwehr bekommt in der Regel die Dringlichkeit eines Einsatzes mit der Alarmierung \u00fcbermittelt und entscheidet demnach \u00fcber den Einsatz der Sonderrechte.<br \/>\nKommt es zu einer solchen Einsatzfahrt, wird sich das Einsatzfahrzeug auch mit eingeschalteten Sondersignalen dem Verkehr entsprechend verhalten.<\/p>\n<p>Andere Verkehrsteilnehmer haben den Fahrzeugen in diesem Fall die Vorfahrt zu gew\u00e4hren oder die z\u00fcgige Weiterfahrt zu erm\u00f6glichen. <strong>Feuerwehrfahrzeuge r\u00fccken selten einzeln aus, deshalb warten sie auch nach dem Passieren des ersten Fahrzeuges ab, um folgenden Einsatzfahrzeugen den Weg frei zu halten.\u00a0<\/strong><\/p>\n<h3><span style=\"color: #ff0000;\">Verhalten bei Sonderrechten:<\/span><\/h3>\n<ol>\n<li><span style=\"text-decoration: underline;\"><span style=\"line-height: 13px;\">Feuerwehrfahrzeuge stehen mit Blaulicht auf der Stra\u00dfe am Einsatzort<\/span><\/span><br \/>\n<em style=\"line-height: 13px;\">Wenn m\u00f6glich versuchen sie die Einsatzstelle weitr\u00e4umig zu umfahren. Sollte dies nicht m\u00f6glich sein, fahren sie langsam heran und halten Sie einige Meter Abstand zu den Einsatzfahrzeugen. Fahren Sie auf <strong>keinen Fall<\/strong>\u00a0<\/em><span style=\"line-height: 13px;\"><span style=\"line-height: 13px;\"><span style=\"line-height: 13px;\"><span style=\"line-height: 13px;\"><i>unaufgefordert an den Fahrzeugen\u00a0vorbei. Leisten Sie den Anweisungen der Feuerwehr folge.<\/i><\/span><\/span><\/span><\/span><\/li>\n<li><span style=\"text-decoration: underline;\">Feuerwehrfahrzeuge n\u00e4hern sich mit Blaulicht und Martinshorn auf einer Stra\u00dfe von hinten<\/span><br \/>\n<em><em><em>Verringern Sie die Geschwindigkeit und fahren Sie unter Anzeigen durch den Blinker an den rechten Fahrbahnrand und halten an. Das Einsatzfahrzeug wird unter Beachtung des Gegenverkehrs an Ihnen vorbei fahren. Sollte es auf Grund der baulichen Beschaffenheit der Streckenf\u00fchrung nicht m\u00f6glich sein, das Einsatzfahrzeug vorbei zu lassen, halten Sie die Geschwindigkeit bei und fahren z\u00fcgig weiter, bis eine geeignete Stelle erreicht wird. Das Feuerwehrfahrzeug wird unter Benutzung der Sonderrechte hinter Ihnen fahren. <strong>Bleiben Sie ruhig und f\u00fchlen Sie sich nicht unter Druck gesetzt.<\/strong><\/em><\/em><\/em><\/li>\n<li><span style=\"text-decoration: underline;\">Feuerwehrfahrzeuge n\u00e4hern sich mit Blaulicht und Martinshorn auf einer Stra\u00dfe von vorne<\/span><em><\/em><br \/>\n<em><em><em><em><em>In diesem Fall verringern Sie die Geschwindigkeit und fahren an den Rechten Fahrbahnrand. Zeigen Sie mit dem Blinker an, dass Sie dem Einsatzfahrzeug den erforderlichen Raum lassen.<\/em><\/em><\/em>\u00a0<\/em><\/em><\/li>\n<li><span style=\"text-decoration: underline;\">Feuerwehrfahrzeug n\u00e4hert sich Ihnen von hinten an einer roten Ampel<br \/>\n<\/span><em><em><em><em><em>Eine rote Ampel darf auch in diesem Fall nicht \u00fcberfahren werden. Schauen Sie in den R\u00fcckspiegel und beobachten Sie auf welcher Spur sich das Einsatzfahrzeug einordnet. Sollte es Ihre Spur verwenden, fahren Sie vorsichtig an die rechte Seite, ohne in die Kreuzung hinein zu fahren. Nachdem die Einsatzfahrzeuge die Kreuzung passiert haben, achten Sie auf die Lichtsignale der Ampel.<\/em><\/em><\/em>\u00a0<\/em><\/em><\/li>\n<li><strong>Grunds\u00e4tzlich gilt:<\/strong> Lassen Sie sich von Sondersignalen nicht unter Druck setzen und gef\u00e4hrden Sie sich und andere Verkehrsteilnehmer nicht durch ein Ausweichman\u00f6ver. Bremsen Sie nie schlagartig ab, denn ein Feuerwehrfahrzeug hat auf Grund seiner Gr\u00f6\u00dfe meistens einen verl\u00e4ngerten Bremsweg. Sollten Sie sich in einem Stau befinden, lassen Sie zwischen den einzelnen Fahrspuren gen\u00fcgend Platz, um anr\u00fcckenden Einsatzfahrzeugen die Durchfahrt zu erm\u00f6glichen (Rettungsgasse).<\/li>\n<\/ol>\n<p>&nbsp;<\/p>\n<p><strong>Die Rettungsgasse<\/strong><\/p>\n<p>Kommt es auf mehrspurigen Stra\u00dfen zu einem Stau, so ist es wichtig den sich von Hinten n\u00e4hernden Rettungskr\u00e4ften den Weg frei zu halten. Bitte denken auch SIE an die Rettungsgassen!<br \/>\n<iframe loading=\"lazy\" src=\"\/\/www.youtube.com\/embed\/l1UbZFYuPEE?rel=0\" height=\"388\" width=\"690\" allowfullscreen=\"\" frameborder=\"0\"><\/iframe><\/p>\n","protected":false},"excerpt":{"rendered":"\nPolizei, Rettungsdienst, der Notarzt, das THW und die Feuerwehr nehmen bei vielen Einsatzfahrten die sogenannten Sonderrechte in Anspruch. Das bedeutet, sie fahren unter Benutzung des &hellip;","protected":false},"author":5,"featured_media":0,"parent":221,"menu_order":4,"comment_status":"closed","ping_status":"open","template":"","meta":{"ngg_post_thumbnail":0,"_mc_calendar":[],"footnotes":""},"class_list":["post-1379","page","type-page","status-publish","hentry"],"_links":{"self":[{"href":"http:\/\/www.ff-averlak-blangenmoor.de\/wcms\/wp-json\/wp\/v2\/pages\/1379","targetHints":{"allow":["GET"]}}],"collection":[{"href":"http:\/\/www.ff-averlak-blangenmoor.de\/wcms\/wp-json\/wp\/v2\/pages"}],"about":[{"href":"http:\/\/www.ff-averlak-blangenmoor.de\/wcms\/wp-json\/wp\/v2\/types\/page"}],"author":[{"embeddable":true,"href":"http:\/\/www.ff-averlak-blangenmoor.de\/wcms\/wp-json\/wp\/v2\/users\/5"}],"replies":[{"embeddable":true,"href":"http:\/\/www.ff-averlak-blangenmoor.de\/wcms\/wp-json\/wp\/v2\/comments?post=1379"}],"version-history":[{"count":11,"href":"http:\/\/www.ff-averlak-blangenmoor.de\/wcms\/wp-json\/wp\/v2\/pages\/1379\/revisions"}],"predecessor-version":[{"id":1384,"href":"http:\/\/www.ff-averlak-blangenmoor.de\/wcms\/wp-json\/wp\/v2\/pages\/1379\/revisions\/1384"}],"up":[{"embeddable":true,"href":"http:\/\/www.ff-averlak-blangenmoor.de\/wcms\/wp-json\/wp\/v2\/pages\/221"}],"wp:attachment":[{"href":"http:\/\/www.ff-averlak-blangenmoor.de\/wcms\/wp-json\/wp\/v2\/media?parent=1379"}],"curies":[{"name":"wp","href":"https:\/\/api.w.org\/{rel}","templated":true}]}}